833?
7, 17
What are the prime factors of 1708?
2, 7, 61
What are the prime factors of 6591?
3, 13
What are the prime factors of 2285?
5, 457
List the prime factors of 2891.
7, 59
List the prime factors of 54844.
2, 13711
What are the prime factors of 5515?
5, 1103
What are the prime factors of 195?
3, 5, 13
List the prime factors of 178162.
2, 229, 389
List the prime factors of 744.
2, 3, 31
List the prime factors of 839.
839
What are the prime factors of 3364?
2, 29
What are the prime factors of 7702?
2, 3851
What are the prime factors of 17844?
2, 3, 1487
What are the prime factors of 642?
2, 3, 107
What are the prime factors of 16643?
11, 17, 89
List the prime factors of 1084.
2, 271
List the prime factors of 3507.
3, 7, 167
List the prime factors of 34724.
2, 8681
What are the prime factors of 498?
2, 3, 83
What are the prime factors of 2521?
2521
List the prime factors of 1865.
5, 373
What are the prime factors of 8378?
2, 59, 71
List the prime factors of 2460.
2, 3, 5, 41
What are the prime factors of 49199?
49199
What are the prime factors of 3969?
3, 7
List the prime factors of 5975.
5, 239
List the prime factors of 24816.
2, 3, 11, 47
What are the prime factors of 874?
2, 19, 23
List the prime factors of 20813.
13, 1601
What are the prime factors of 967?
967
What are the prime factors of 1586?
2, 13, 61
List the prime factors of 10719.
3, 397
What are the prime factors of 1664?
2, 13
What are the prime factors of 40208?
2, 7, 359
What are the prime factors of 2022?
2, 3, 337
List the prime factors of 552.
2, 3, 23
List the prime factors of 2010.
2, 3, 5, 67
What are the prime factors of 14839?
11, 19, 71
List the prime factors of 1692.
2, 3, 47
List the prime factors of 40.
2, 5
What are the prime factors of 1614?
2, 3, 269
List the prime factors of 6011.
6011
What are the prime factors of 35023?
35023
List the prime factors of 778.
2, 389
List the prime factors of 925.
5, 37
List the prime factors of 933.
3, 311
List the prime factors of 51239.
51239
List the prime factors of 544.
2, 17
List the prime factors of 94596.
2, 3, 7883
What are the prime factors of 25819?
25819
List the prime factors of 28728.
2, 3, 7, 19
What are the prime factors of 2635?
5, 17, 31
List the prime factors of 8247.
3, 2749
What are the prime factors of 4569?
3, 1523
What are the prime factors of 1077?
3, 359
List the prime factors of 73017.
3, 7, 19, 61
What are the prime factors of 92851?
11, 23, 367
What are the prime factors of 4970?
2, 5, 7, 71
List the prime factors of 26639.
17, 1567
What are the prime factors of 58411?
58411
List the prime factors of 90625.
5, 29
List the prime factors of 46111.
13, 3547
What are the prime factors of 15069?
3, 5023
List the prime factors of 425.
5, 17
What are the prime factors of 9209?
9209
List the prime factors of 37.
37
List the prime factors of 2140.
2, 5, 107
List the prime factors of 3900.
2, 3, 5, 13
List the prime factors of 705.
3, 5, 47
List the prime factors of 8952.
2, 3, 373
List the prime factors of 12807.
3, 1423
List the prime factors of 32761.
181
What are the prime factors of 15683?
15683
What are the prime factors of 5382?
2, 3, 13, 23
What are the prime factors of 543?
3, 181
List the prime factors of 1250.
2, 5
List the prime factors of 59541.
3, 89, 223
List the prime factors of 364.
2, 7, 13
What are the prime factors of 8331?
3, 2777
What are the prime factors of 2777?
2777
What are the prime factors of 2206?
2, 1103
What are the prime factors of 2147?
19, 113
List the prime factors of 254.
2, 127
What are the prime factors of 797?
797
List the prime factors of 3932.
2, 983
What are the prime factors of 47286?
2, 3, 37, 71
List the prime factors of 15601.
15601
What are the prime factors of 982?
2, 491
List the prime factors of 1778.
2, 7, 127
What are the prime factors of 137990?
2, 5, 13799
List the prime factors of 8216.
2, 13, 79
What are the prime factors of 5303?
5303
List the prime factors of 12034.
2, 11, 547
What are the prime factors of 35277?
3, 11, 1069
List the prime factors of 72227.
72227
List the prime factors of 2105.
5, 421
List the prime factors of 64102.
2, 32051
List the prime factors of 18274.
2, 9137
List the prime factors of 35391.
3, 47, 251
List the prime factors of 65972.
2, 16493
List the prime factors of 5582.
2, 2791
What are the prime factors of 8748?
2, 3
What are the prime factors of 20902?
2, 7, 1493
List the prime factors of 56.
2, 7
What are the prime factors of 1224?
2, 3, 17
List the prime factors of 65885.
5, 13177
List the prime factors of 1674.
2, 3, 31
List the prime factors of 80.
2, 5
What are the prime factors of 1884?
2, 3, 157
List the prime factors of 399.
3, 7, 19
List the prime factors of 368.
2, 23
What are the prime factors of 2488?
2, 311
What are the prime factors of 18903?
3, 6301
What are the prime factors of 41388?
2, 3, 3449
List the prime factors of 1821.
3, 607
List the prime factors of 5303.
5303
What are the prime factors of 22679?
22679
What are the prime factors of 1992?
2, 3, 83
List the prime factors of 701.
701
List the prime factors of 5703.
3, 1901
List the prime factors of 26835.
3, 5, 1789
List the prime factors of 14641.
11
What are the prime factors of 1879?
1879
List the prime factors of 6464.
2, 101
List the prime factors of 17210.
2, 5, 1721
What are the prime factors of 10184?
2, 19, 67
What are the prime factors of 4564?
2, 7, 163
What are the prime factors of 3693?
3, 1231
What are the prime factors of 361?
19
List the prime factors of 434.
2, 7, 31
List the prime factors of 592.
2, 37
List the prime factors of 10685.
5, 2137
List the prime factors of 32283.
3, 17, 211
What are the prime factors of 139139?
7, 11, 13, 139
List the prime factors of 640.
2, 5
What are the prime factors of 1935?
3, 5, 43
List the prime factors of 78829.
17, 4637
List the prime factors of 11731.
11731
List the prime factors of 65215.
5, 13043
What are the prime factors of 3425?
5, 137
What are the prime factors of 8955?
3, 5, 199
What are the prime factors of 9739?
9739
What are the prime factors of 64269?
3, 37, 193
List the prime factors of 9053.
11, 823
What are the prime factors of 5000?
2, 5
List the prime factors of 773.
773
What are the prime factors of 1989?
3, 13, 17
List the prime factors of 18127.
18127
What are the prime factors of 32475?
3, 5, 433
What are the prime factors of 1317?
3, 439
What are the prime factors of 6545?
5, 7, 11, 17
List the prime factors of 31099.
137, 227
What are the prime factors of 1449?
3, 7, 23
What are the prime factors of 49105?
5, 7, 23, 61
What are the prime factors of 14106?
2, 3, 2351
What are the prime factors of 13644?
2, 3, 379
What are the prime factors of 1043?
7, 149
What are the prime factors of 117922?
2, 7, 8423
List the prime factors of 35940.
2, 3, 5, 599
List the prime factors of 3434.
2, 17, 101
What are the prime factors of 2850?
2, 3, 5, 19
What are the prime factors of 59343?
3, 131, 151
List the prime factors of 14823.
3, 61
List the prime factors of 25886.
2, 7, 43
What are the prime factors of 44801?
71, 631
What are the prime factors of 7055?
5, 17, 83
What are the prime factors of 4125?
3, 5, 11
What are the prime factors of 465?
3, 5, 31
List the prime factors of 65078.
2, 13, 2503
What are the prime factors of 38362?
2, 19181
What are the prime factors of 41734?
2, 7, 11, 271
What are the prime factors of 10575?
3, 5, 47
What are the prime factors of 575?
5, 23
List the prime factors of 289.
17
List the prime factors of 35250.
2, 3, 5, 47
What are the prime factors of 5284?
2, 1321
List the prime factors of 179246.
2, 19, 53, 89
What are the prime factors of 1303?
1303
What are the prime factors of 2085?
3, 5, 139
List the prime factors of 4064.
2, 127
What are the prime factors of 29945?
5, 53, 113
List the prime factors of 22951.
59, 389
List the prime factors of 67822.
2, 33911
List the prime factors of 1816.
2, 227
List the prime factors of 479.
479
List the prime factors of 8654.
2, 4327
List the prime factors of 13077.
3, 1453
List the prime factors of 766.
2, 383
What are the prime factors of 3779?
3779
What are the prime factors of 20417?
17, 1201
What are the prime factors of 98317?
98317
What are the prime factors of 38?
2, 19
List the prime factors o